 10. Let u be ((-12)/5)/(-4)*-15. Give k(u).
1
Suppose -5*a - 83 = -5*b - 4*a, -4*a - 77 = -5*b. Let d(x) = -2*x**2 + 4 + 12 - b + 2*x. Give d(1).
-1
Suppose 14 = -2*g + 4*k, -3*g - 23 = 2*g - 4*k. Let y(a) = 3 - 5*a - 2*a**2 - a**2 - a**3 + 3*a. Give y(g).
9
Let h(a) be the third derivative of -1/24*a**4 - 5/6*a**3 + 0*a - 1/60*a**5 - 2*a**2 + 0. Calculate h(0).
-5
Let n = -11 + 16. Let i(c) = -5 + 12 + 4*c**2 - c**3 + 0*c - 8*c + 2*c**2. Give i(n).
-8
Let m be (-3)/(-27)*6/8. Let w(z) be the second derivative of 2*z + m*z**4 - 5/6*z**3 + z**2 + 0. Calculate w(3).
-4
Let p = 14 - 18. Let c(u) = -u**3 - 4*u**2 - 2*u - 5. Calculate c(p).
3
Let w(b) = -b**3 - b**2 + 1. Let r(i) = 2*i**3 + 3*i**2 + i - 3. Let o(q) = -r(q) - 3*w(q). Let g be o(-2). Let h(j) = j**3 + 5*j**2 - 8*j - 2. What is h(g)?
10
Let a(u) = -u**2 + 9*u + 2. Let i be a(9). Let o = 3 - 1. Let v(p) = p + 0*p - i*p**2 + p**o. What is v(3)?
-6
Let b(q) = -q + q**3 + 39 - 7*q**2 + 3*q**2 - 42 - 4*q. Calculate b(5).
-3
Let u(w) = w**3 - 16*w**2 + 15*w + 2. Let f be u(15). Let g(r) = f*r + 5 + 0 - 4. What is g(2)?
5
Let w be -3 - ((-4 - 1) + 1). Let f(a) = -2 + 0 - 3*a**2 + 3 - a. Calculate f(w).
-3
Let q(s) = -s**3 + 2*s + 4. Let c be q(2). Let w(y) = -y. Give w(c).
0
Let a(u) = -u**3 + 5*u**2 - u + 3. Let n = -8 + 8. Suppose n = -4*j + 9*j - 25. What is a(j)?
-2
Let a(l) be the first derivative of -5*l**3/3 - l**2/2 - 2*l + 20. Calculate a(2).
-24
Let j(s) be the second derivative of s**5/60 - s**4/12 + s**3/6 - 3*s**2/2 - s. Let b(i) be the first derivative of j(i). Determine b(2).
1
Suppose -1 = 2*z - 3*z. Let b(n) = -n**2 + n - 1. Let c(k) = 8*k**3 + 6*k**2 - 4*k + 7. Let i(u) = z*c(u) + 6*b(u). Determine i(-1).
-9
Let u(f) be the first derivative of f**2 - 1 + 1/60*f**5 - 1/3*f**3 + 5/24*f**4 + 0*f. Let k(m) be the second derivative of u(m). Determine k(-4).
-6
Let y be (4 - 7)*(-1)/3. Let s be 4/(-6)*6*y. Let k(h) = 1 - 3 - h**2 - 3 - 3*h. Calculate k(s).
-9
Let k(u) = 0 + 0 + 0 + u**2 - 11*u - 3. Determine k(10).
-13
Let j(p) = -1 + 13*p - 2*p**3 + 3*p**2 - 17*p + p**3. Calculate j(3).
-13
Let u be 17/5 + (-6)/15. Let j = 0 + 3. Let q(b) = 3*b**3 - 2*b**j + 3*b - 2*b**2 - b**2 - 4. Determine q(u).
5
Suppose 2*p - 3*p + 33 = 0. Suppose 5*h + 13 - p = 0. Let v(y) = 2*y - 4 - 6*y**3 + 4*y**3 + h*y**2 - y**2 + y**3. Give v(3).
2
Suppose 0*v - 2*y + 26 = v, 5*y = 25. Suppose 2*s - 4*k = v, 5*s - k - 25 = -3. Let a(z) = -z**2 + 4*z - 2. Calculate a(s).
-2
Let i = 11 - 9. Suppose y + 2*x - 4 = 0, 2 = -i*y - x + 7. Let d(p) = -2 + 4*p**2 + 4 - p**2 - p**2 - y*p. Determine d(2).
6
Let g(j) = -5*j**3 - 3*j**2 - 3*j - 6. Let d(x) = -x**3 - x - 1. Let p(y) = 6*d(y) - g(y). Give p(3).
-9
Let m(x) = -x**3 + x**2 - 2. Suppose 0 = -0*s + s. Give m(s).
-2
Let p(m) be the second derivative of -m**5/20 + m**4/3 + m**3/6 + m**2/2 + m. Let b be 34/6 + 1/3. Let k be (-6)/(1/((-4)/b)). Determine p(k).
5
Let x(z) = -2*z**2 + z - 1. Let j = 0 + -9. Let s = 10 + j. Determine x(s).
-2
Let n = -1 - -3. Suppose 3*q - 44 = -n. Let j = q - 9. Let l(c) = c**3 - 5*c**2 - 2*c + 7. Calculate l(j).
-3
Let d(h) be the second derivative of h**5/20 + 5*h**4/12 + h**3/2 - 2*h**2 - 28*h. Determine d(-3).
5
Let u = 78 + -69. Let z(v) = v - 12. Give z(u).
-3
Let f(g) = g**3 - 3*g + 1. Let w(o) = -o + 9. Let d = -6 + 13. Let z be w(d). Give f(z).
3
Suppose g + 5*x = 22, g - 5*x = -2*g - 14. Let n(i) = -3*i - 2 - g + 6*i**2 + 0*i**2 - i**3 + 0*i. Calculate n(5).
6
Let g be -3 + (-99)/(0 + -3). Suppose 2*n - h + g = -n, 5*n = -h - 50. Let z be (n/(-25))/(1/(-10)). Let o(f) = -f**3 - 3*f**2 + 5*f + 2. What is o(z)?
-2
Let q(v) = 6*v + 3. Let a be q(-2). Let s = -5 - a. Let t(w) = -w**2 + 3*w + 5. Calculate t(s).
1
Let v be 0/((-1)/((-2)/2)). Let c = -6 - -8. Let o(u) = -u - c*u + v*u. Calculate o(1).
-3
Let w(p) = -p**2 + 6*p - 6. Suppose 6 = -2*f + 3*s, 3*f + 0*s = -s + 13. Suppose -5*h + 6*j = 7*j - 28, -2*h + 19 = f*j. What is w(h)?
-1
Let s(b) = -b - 5. Let a be s(-5). Let m(z) = 0*z - z - 1 - 4 + 0. What is m(a)?
-5
Let q(s) be the third derivative of 3*s**2 - 1/6*s**3 + 0 - 1/60*s**6 + 0*s**4 + 0*s + 0*s**5. Suppose 4*x + 4*o = -4, 2*x + 8 = -0*x - 5*o. Calculate q(x).
-3
Let q be (-4)/(-3)*3/2. Suppose -a = a + 3*c + 9, -6 = -2*a + q*c. Let u(x) = x - 6. Determine u(a).
-6
Let y = -1 + 8. Let r(k) = -k + 10. Let v(f) = -3*f + 21. Let d(i) = y*r(i) - 3*v(i). What is d(-6)?
-5
Let z(g) = -g**3 - 4*g**2 - 4*g. Let o = -44 + 41. What is z(o)?
3
Let t(a) = -a**3 - a**2 - a + 4. Let x be t(0). Suppose -x*d + 5 - 13 = 0. Let u = -1 + d. Let p(o) = -o**3 - 4*o**2 - 2*o - 2. Determine p(u).
-5
Let n(x) = 11*x**2 + 23*x - 20. Let r(w) = -7*w**2 - 15*w + 13. Let j(z) = 5*n(z) + 8*r(z). Determine j(-4).
8
Let z(x) = 5*x - x**2 - 3 + 9 - x. Calculate z(5).
1
Let r(m) = m + 7. Let v = 13 + -8. Suppose -4*n - v = -3*n. What is r(n)?
2
Let i be (-12)/9*(-3)/2. Let w(y) = 2*y**2 + 0*y**2 + 2*y - y**i - 3*y + 8. What is w(0)?
8
Let u(z) = -z**2 - 3*z + 3. Let y(f) = -2*f**2 - 7*f + 5. Let t(g) = -5*u(g) + 3*y(g). Give t(-5).
5
Suppose -1 + 6 = s. Let d(f) = 2 - 1 + s - 2*f + 0. Give d(5).
-4
Let w(m) = 4*m**2 + 2*m - 1. Suppose -2*y = -y - 1. What is w(y)?
5
Let s = -3 + 5. Let x be s + (1 - 4) + -4. Let z = -7 - x. Let d(q) = q**2 + 4*q + 2. Give d(z).
-2
Let x be (-2)/(-3)*3 + 0. Let y(i) be the second derivative of -i**5/20 + i**4/6 - i**3/3 + i**2 - 2*i. Calculate y(x).
-2
Let j be (-2)/(-7) - (-88)/(-14). Let f(y) = -y**3 + 10 - 6*y**2 - y**2 - 16 - 6*y. What is f(j)?
-6
Let q(k) be the second derivative of k**4/12 - k**3/2 + 3*k**2/2 + 15*k. What is q(3)?
3
Let h(n) = n + 2. Suppose 7 = k + 5. What is h(k)?
4
Suppose -2*j = -4*o + 6, 0 = -2*j + 4*o - 5*o - 16. Let q = 3 + j. Let p(c) = 5*c + 1. Let a(n) = -3*n - 1. Let u(z) = 11*a(z) + 6*p(z). Determine u(q).
7
Let c(y) = y**2 - 15*y - 13. Let q be c(16). Let j(d) = d**3 - 3*d**2 - d + 2. Give j(q).
-1
Let h(p) = 3*p**3 - 2*p**2 - 4*p - 5. Let u(d) = -7*d**3 + 5*d**2 + 9*d + 11. Let a(o) = -9*h(o) - 4*u(o). Suppose -2*l = -19 + 15. Determine a(l).
1
Suppose -2*o + r = -5, -2*r = -4*r + 6. Suppose 4*q = -2*v - o, -q - v + 4 = 2*v. Let z(d) = -d**3 - 2*d - 3. Give z(q).
9
Let o(k) = 3*k**2 - 3*k + 1. Let d be o(2). Let y(i) = -4*i + 12. Let a(t) = -11*t + 35. Let b(x) = -3*a(x) + 8*y(x). Determine b(d).
-2
Let r = -5 + 8. Suppose r*f - f = -5*m + 4, 4*f = -4*m + 8. Let u(o) = -o - 6. Calculate u(m).
-6
Let u(h) = -13*h + 37*h - 19*h. What is u(1)?
5
Let p be 22/4 + (-2)/4. Suppose 0 = p*i - 7 - 8. Let j(n) = -3*n - n**3 + n**2 + n + i*n - 14 + 5. Determine j(0).
-9
Let i(f) = f + 8. Let b be i(-14). Let z(y) = -y**3 - 7*y**2 - 9*y - 5. What is z(b)?
13
Suppose 4*f - 14 = -2*o, -o - 4 = -f + 4. Let u = 2 - f. Let m(w) = -3 - 1 + 12*w - 13*w. Give m(u).
-1
Let w(m) = -m - 2. Let g be w(-3). Let v(n) = -4*n**3 - 20*n**2. Let z(o) = o**2. Let d(j) = v(j) + 20*z(j). What is d(g)?
-4
Let v(n) = n**3 - 3*n**2 - 2*n - 3. Let q(d) = d**2 + 2*d - 4. Let b be q(-4). What is v(b)?
5
Let r(z) = -z - 1. Let n(g) = 1. Let s(u) = -5*n(u) - r(u). Let a = 1 + 13. Let y = a + -8. What is s(y)?
2
Let r(a) = -4*a - 5*a**2 + 4*a**2 + 1 - 6. Let n be (-3 - -1)/((-6)/(-12)). Determine r(n).
-5
Let k(t) = -20*t - 2. Let q be k(-1). Suppose y = -2*j + 7*j + 26, 4*j = -2*y - q. Let w(l) = -l**2 - 3*l + 5. What is w(j)?
-5
Let a(d) = 2*d + 4. Let j(h) = h**3 - 5*h**2 - 15*h + 3. Let s be j(7). Determine a(s).
-4
Let s = -1 - 4. Let r(m) = -4*m**2 - 13. Let g(v) = 5*v**2 + v + 14. Let h(y) = 6*g(y) + 7*r(y). Determine h(s).
13
Let u(j) = 4*j**2 - j. Let k(x) = 4*x**2 - x. Let v(c) = -3*k(c) + 4*u(c). Let q be -6*(-1)/12*2. Calculate v(q).
3
Suppose -2*p + p - 3 = -a, 2*p + 10 = 3*a. Let o(l) = 4*l**2 - l + 1. Let v be o(1). Let u(d) = -5*d - 9*d**3 - 2 + 3 + 6*d**2 + 8*d**3 - v. Determine u(a).
9
Let n = 6 - 3. Let i(y) = -2. Let p(d) = -2*d - 16. Let l(q) = -6*i(q) + p(q). Determine l(n).
-10
Suppose -3*t = 3*v - v - 11, -3*t + 1 = 4*v. Let r(a) = a**3 - 8*a**2 + 7*a - 10. Give r(t).
-10
Suppose -5*q + 12*a + 41 = 8*a, 12 = 4*q + 2*a. Let f(u) = -u**3 + 5*u**2 - 6. What is f(q)?
-6
Let f = 2 - 1. Let r(g) = -3*g - 2*g**2 - f + g**2 - g. Calculate r(-3).
2
Let n(l) = -l. Suppose 6 = -3*v + 39. Let d = v